Let z(y) = -3*y + 0*y**2 + 8 + 3*y**2 + 0*y**2. Let u(n) = s*z(n) + 4*p(n). Calculate u(0).
-4
Let k(v) = 170 - v**2 - 84 - 89 + 8*v. What is k(6)?
9
Let t(f) = 7*f + 3*f**2 - 8*f**2 + 1 + 1 + 4*f**2. Suppose 0*d = 2*d + 2*z - 22, -5*d - 2*z + 40 = 0. What is t(d)?
8
Let g(m) = -m. Let l(p) = -p**2 - p + 5. Let b(q) = -4*g(q) + l(q). Suppose 5*s + 22 = 3*f, 5*f - 24 = -0*s + 2*s. Determine b(f).
1
Let w(t) = -t**3 + 4*t**2 - t - 2. Suppose 0 = -2*g + p + 3*p + 10, -37 = -3*g - 5*p. Suppose -3*m - g + 3 = 0. Let l be (1/1 - m)*1. Give w(l).
4
Let j(z) be the first derivative of 6*z - 1/2*z**2 + 9. Determine j(3).
3
Let z(b) = b**2 + 6*b. Let r(w) = w**3 - 2*w**2 - 3*w - 5. Let n be r(3). Determine z(n).
-5
Suppose -20 - 4 = 12*a. Let u(l) = 7 - 3 + 4*l**2 - 3 - 2*l**2. Give u(a).
9
Let x(u) = u**3 + 2*u**2 + 6. Let q be x(-3). Let g(d) = -5*d - 4. What is g(q)?
11
Let l = 0 - -3. Suppose 0 = l*d + 3*g - 9, 5*g + 0*g = -d - 1. Let n(i) = i**2 - i + 1. Let a(s) = s**3 - 5*s**2 + s + 3. Let y(v) = -a(v) - n(v). Give y(d).
-4
Let j(r) = -9*r - 5. Let p(s) = -3*s - 5. Let o(h) = 8*h + 16. Let c(m) = 2*o(m) + 7*p(m). Let q(d) = -7*c(d) + 4*j(d). Give q(0).
1
Let t(y) = 3*y - 1. Let k be (6 - 3 - 0) + 2. Suppose 3 - k = i. Calculate t(i).
-7
Let o(m) = -m**2 + 5*m - 4. Let u(x) = x**3 - 8*x**2 + 5*x + 17. Let c be u(7). Determine o(c).
2
Let u(o) = -o - 3. Let b(n) = -n + 1. Let j(s) = -2*b(s) - u(s). Give j(4).
13
Let g(i) = -2*i**2 - i. Suppose 0 = 5*s + x - 3*x + 2, -4 = 2*s - 4*x. Suppose -2*n - 4 = -s*n. Determine g(n).
-6
Let c(q) = -5*q**2 + 6*q - 7. Let f(k) = -9*k**2 + 11*k - 13. Let a(o) = -11*c(o) + 6*f(o). Give a(3).
8
Let d(q) = q**3 + 6*q**2 + q. Let j be d(-6). Let u(y) be the third derivative of 0*y + 1/60*y**5 - 8*y**2 + 1/4*y**4 + 2/3*y**3 + 0. Give u(j).
4
Let l(f) = f + 3. Let h = 1 + -7. Calculate l(h).
-3
Let g(d) = d + 11. Let i be g(-13). Let c(q) be the third derivative of q**6/120 + q**5/60 - q**4/8 - q**3/6 - q**2. What is c(i)?
1
Let x(p) = -p**3 + 7*p**2 - 8*p + 8. Let v(c) = 2*c**3 - 15*c**2 + 17*c - 17. Let t(i) = 3*v(i) + 7*x(i). Calculate t(4).
-15
Let g = 21 + -16. Let x(l) = l**3 - 5*l**2 - 2*l + 3. Give x(g).
-7
Let v(k) be the third derivative of -k**4/24 + 2*k**3/3 + 11*k**2. Let t be 2/(2*(-1)/(-4)). Give v(t).
0
Let s(g) = g - 7. Let x be s(7). Let i(l) = -3*l + x*l + 2*l + 2. Let k be (-25)/(-10)*(-4)/(-5). What is i(k)?
0
Let u = -10 - -14. Let i(h) = -h + 2*h**3 - h**3 + 2 - u*h**2 - 4. Let q(f) = 3*f + 1. Let x be q(1). Calculate i(x).
-6
Let o(r) = r**3 - 2*r**2 - 2*r + 3. Let i be o(3). Let n(h) = h**2 - 6*h + 2. Determine n(i).
2
Let v(a) = -8*a - 1. Let d = 12 + -17. Let b(s) = -2*s - 8. Let w be b(d). What is v(w)?
-17
Let y(c) be the third derivative of -1/120*c**6 + 0*c - c**2 + 0*c**5 - 1/24*c**4 - 1/2*c**3 + 0. Let o(l) = l**2 + l - 2. Let h be o(-2). Give y(h).
-3
Let a be 2/((2 + -8)/(-3))*4. Let k(y) be the second derivative of -y**2 - 1/6*y**a - y + 1/6*y**3 + 0 - 1/20*y**5. Give k(-3).
4
Suppose t = -a + 2 - 0, 5*a + 2*t = 4. Let b(u) = u + 8. Determine b(a).
8
Let m = 9 + -6. Let r(j) = -j**3 + 4*j**2 - 2*j + 4. Give r(m).
7
Let w(f) be the second derivative of -f**3/6 + f**2/2 + 117*f. Let v = 10 - 7. What is w(v)?
-2
Let y(p) = -p**2 + 3*p + 2. Suppose -2*c + 31 = 3*x + 3*c, -3*c + 13 = -x. What is y(x)?
4
Let r(y) = -959 - 5*y + 959. Let p(h) = 3*h + 0 + 0 + 1. Let q be p(-1). What is r(q)?
10
Suppose z = 6*z + 5, -5*t = 3*z - 7. Let x(f) be the first derivative of -2 + 2*f + 1/2*f**t. What is x(0)?
2
Suppose 3*w = 3*y - 5*y + 23, 4*w - 2*y - 12 = 0. Let i(a) = a**2 - 4*a - 2. What is i(w)?
3
Suppose -s = -4 + 1. Let h be (-1 - -3)*s/2. Let o(u) = u**h - 2*u**2 + 2 + 0*u**2 - 3 + 2*u. What is o(1)?
0
Let s = 14 - 14. Let r(t) = 5*t**2 + 5*t + 11. Let m(f) = f**2 + f + 3. Let z(g) = -9*m(g) + 2*r(g). Give z(s).
-5
Suppose -5*k - 4*q - 2 = 0, 2*k - 4*q + 6 - 22 = 0. Suppose 3*h + k*j - 9 = -j, -29 = -3*h + j. Let g(x) = x - x**2 + 5*x - h + 4. Determine g(3).
5
Let v(a) = -a + 16. Suppose 3*x - 3 = -2*f + 5, -x + 2*f - 8 = 0. Determine v(x).
16
Suppose -6*a + 5*a = 2. Let v(g) be the third derivative of -g**5/30 - g**4/12 + g**3/3 - g**2. Determine v(a).
-2
Let c(o) = 9*o + 1 + o**2 + 3*o**3 + 4*o**3 - 2*o**3 - 2*o**3. Let h(w) = w**3 + w**2 + 4*w + 1. Let l(p) = 2*c(p) - 5*h(p). What is l(4)?
5
Let q = 9 - 8. Let g(l) = 9 + l**2 + q + l - 7. Suppose 0 = v - 3*v. Calculate g(v).
3
Let n(z) = z**3 + 4*z**2 + 2*z + 1. Let x be n(-3). Suppose -13 = -x*l - 9. Let p(r) = -7*r**3 - r**2 + r. Give p(l).
-7
Let s(y) = -y**3 + 3*y**2 + 4*y - 2. Suppose 4*j + 0*j = 48. Suppose -3*a + 5*w + 12 = 0, j = 3*a - 2*w - 0*w. What is s(a)?
-2
Let r = -10 + 12. Let d(t) = -2*t**2 - t - r*t + 3*t**2. Give d(3).
0
Let m(d) = 10*d - 3. Let l be 1 - 8 - 16/(-4). Determine m(l).
-33
Let h(u) = 4*u - 3. Let b(o) = o. Let q(m) = 3*b(m) - h(m). Suppose -11*w = 9*w. Give q(w).
3
Let a be (-2 + -38)*(-12)/5. Let s be 1/5 + a/(-30). Let v(z) = z - 1. Give v(s).
-4
Let b(q) = q**2 - q. Let n be b(2). Let d be (-10)/n*(1 + -2). Suppose -4*v - 5*l = -45, 0*v - 2*l + 35 = d*v. Let a(t) = -t**3 + 6*t**2 - 4*t. Calculate a(v).
5
Suppose 0 = -5*l + b + 8, -3*l + 4*b + 13 = -2. Let d(w) = 11*w. What is d(l)?
11
Let g(f) = f**2 - 5*f - 9. Let c be g(7). Let w(t) = -c + t + 2 + 2. Determine w(-6).
-7
Let y(j) be the first derivative of j**4/4 + 10*j**3/3 - j**2/2 - 10*j + 13. Give y(-10).
0
Let p(k) = -k - 2. Suppose -6*h - 48 = -12*h. Calculate p(h).
-10
Let w(k) be the second derivative of -7*k**4/12 - 24*k. Determine w(1).
-7
Let n(d) = d**2 + d + 1. Let b(s) = 3*s**2 + 4*s + 16. Let y(j) = -b(j) + 4*n(j). Determine y(0).
-12
Let m(i) be the first derivative of -7*i**2 - 23*i - 7. Let t(x) = -5*x - 8. Let s(n) = 6*m(n) - 17*t(n). Give s(-2).
-4
Suppose 0*i + 50 = -5*i. Let j = -5 - i. Let d(r) = 3 + 3 - j + 2*r. What is d(4)?
9
Let f(q) be the third derivative of q**5/60 - q**4/4 + 16*q**2. What is f(6)?
0
Let p(g) = g**2 + 2*g + 1. Let z(q) = -q**3 - 3*q**2 + 4*q + 1. Let f = -8 - -4. Let i be z(f). Let y be i/(-5) + 9/(-5). Determine p(y).
1
Suppose -3*t = 2 - 11. Suppose 2*g = 4*l - 0*g - 6, -2*l - t = 5*g. Let s(y) = y**2 - 1. Determine s(l).
0
Let x(r) = 3*r**2 - 3*r + 3. Suppose 5*a + 4 + 6 = 0. Let f(j) = -10*j**2 + 10*j - 10. Let d(y) = a*f(y) - 7*x(y). Suppose b - 6 = -5. Give d(b).
-1
Suppose 0 = 3*c - 5*g + 38, 4*g - 4 = -2*c - 0*g. Let j(p) = p**3 + 6*p**2 - 2*p - 3. What is j(c)?
9
Let v(f) be the second derivative of -f**3/2 - 11*f**2/2 + 5*f. What is v(-8)?
13
Let q = 189/2 + -94. Let f(k) be the second derivative of 0 + 1/12*k**4 + 2*k**2 - q*k**3 - 2*k. Give f(4).
8
Let m(i) = -4*i + 1. Let d(r) = 7*r**2 + r. Let p = 2 + -3. Let x be d(p). Let v be 8/x - (-2)/(-6). Calculate m(v).
-3
Suppose -165 = -5*b + 5*j, b - 157 = -4*b - 3*j. Suppose -4*m - b = -2*v, -4*m = 3*v - 45 + 17. Let c = v - 7. Let r(n) = -n**3 + 6*n**2 - 7*n. Determine r(c).
-10
Let m(q) = -2*q**2. Suppose -5 = 5*s - 5*i, s + 3*i + 1 = -0. Give m(s).
-2
Let n(v) = 3*v + v**2 + 71 - 137 + 66. Determine n(-3).
0
Suppose s + 4 = -3*s. Let c(b) be the first derivative of -2*b**3/3 - b**2/2 - b + 2. Calculate c(s).
-2
Let m(r) = -r**3 + r**2 + r + 29. Let h = -24 - -24. Determine m(h).
29
Let i(b) = b**2 + 7*b + 1. Let x(p) = -3*p**3 + 5*p**2 - 2*p + 3. Let f be x(2). Calculate i(f).
-9
Let r(y) = 2*y + 1 + 0 - 2 + 4*y**2. Let i(v) = 5*v**2 + 3*v - 2. Suppose 2*p - 25 = -3*p. Let s(c) = p*i(c) - 6*r(c). What is s(-5)?
6
Let f(g) = g**2 + 2*g - 4. Suppose -9 = -3*t + 2*y + 6, -2*t = -5*y - 10. Let p = 6 - t. Suppose i + p - 11 = 5*v, 5*i + 16 = 3*v. Give f(i).
11
Let g(k) be the third derivative of -k**6/120 - k**5/15 + k**4/4 + k**3/2 + 8*k**2. What is g(-5)?
-2
Let o(i) = i**3 + 4*i**2 - 3*i + 7. Suppose -2*k - 5 = -k. What is o(k)?
-3
Let a = 13 + -11. Let v(i) = 5*i**2 - 5*i**3 - i**2 - 3 + i + a*i**3 + 2*i**3. What is v(3)?
9
Let m(v) = v - 3. Let t be m(5). Suppose i - t = -0*i. Let z(a) = 2*a + 2 + i*a - a. Determine z(-2).
-4
Let d(s) = 2*s + 3. Suppose -4*l + i - 9 = 0, -4*i - 6 = -2*l - 0. Let p be ((-10)/l)/(8/(-12)). Determine d(p).
-7
Let x(j) = j**2 + 3*j - 4. Suppose -40 = 10*f - 10. Give x(f).
-4
Let t(k) = -k**2 + 9*k - 3. Let n b